{"id":11626,"date":"2023-04-09T10:03:01","date_gmt":"2023-04-09T10:03:01","guid":{"rendered":"https:\/\/the-church.nl\/ueber-uns\/"},"modified":"2025-09-17T17:31:54","modified_gmt":"2025-09-17T17:31:54","slug":"ueber-uns","status":"publish","type":"page","link":"https:\/\/the-church.nl\/de\/ueber-uns\/","title":{"rendered":"\u00dcber Bart und Janiek"},"content":{"rendered":"<section class=\"wpb-content-wrapper\"><p>[vc_row css_animation=&#8220;&#8220; row_type=&#8220;row&#8220; use_row_as_full_screen_section=&#8220;yes&#8220; type=&#8220;full_width&#8220; angled_section=&#8220;no&#8220; text_align=&#8220;center&#8220; background_image_as_pattern=&#8220;without_pattern&#8220; z_index=&#8220;&#8220; css=&#8220;.vc_custom_1729260390537{margin-bottom: 100px !important;}&#8220; background_image=&#8220;13002&#8243; side_padding=&#8220;10%&#8220; padding_top=&#8220;40%&#8220; padding_bottom=&#8220;40%&#8220;][vc_column css=&#8220;.vc_custom_1677753625052{padding-top: 400px !important;padding-bottom: 400px !important;}&#8220;][vc_column_text]<\/p>\n<h1 style=\"color: #ffffff; text-align: center;\">\u00dcber uns<\/h1>\n<p>[\/vc_column_text][vc_separator type=&#8220;small&#8220; position=&#8220;center&#8220; color=&#8220;#ffffff&#8220; transparency=&#8220;0.5&#8243; down=&#8220;35&#8243;][\/vc_column][\/vc_row][vc_row css_animation=&#8220;&#8220; row_type=&#8220;row&#8220; use_row_as_full_screen_section=&#8220;no&#8220; type=&#8220;grid&#8220; angled_section=&#8220;no&#8220; text_align=&#8220;left&#8220; background_image_as_pattern=&#8220;without_pattern&#8220; z_index=&#8220;&#8220;][vc_column width=&#8220;1\/2&#8243;][vc_column_text]<\/p>\n<h2>\u00dcber Bart<\/h2>\n<p>[\/vc_column_text][vc_empty_space][vc_column_text]Bart Leussink (K\u00fcchenchef und Eigent\u00fcmer) ist in Ruurlo geboren und aufgewachsen. Seine Eltern und seine Familie hatten keine Ber\u00fchrungspunkte mit dem Gastst\u00e4ttengewerbe, aber Bart war von klein auf vom Kochen und Backen begeistert. Er begann bei der Tuinkamer in Ruurlo, einer traditionellen und klassischen franz\u00f6sischen K\u00fcche. Von dem Moment an, als er die K\u00fcche betrat, f\u00fchlte er sich wie zu Hause. Bart hat schon immer auf hohem Niveau gekocht. Es war die Arbeitsmoral seiner Kollegen, die ihn am meisten anzog. Jeder will das Beste aus sich herausholen und den G\u00e4sten das bestm\u00f6gliche Erlebnis bieten.      <\/p>\n<p>&nbsp;<\/p>\n<p>Von klein auf wurde ihm von seinen Eltern beigebracht, dass man, wenn man etwas will, daf\u00fcr arbeiten muss. Das ist auch sein Lebensmotto und er glaubt fest daran, dass das Unm\u00f6gliche m\u00f6glich ist, wenn man etwas mit v\u00f6lliger Hingabe tut. <\/p>\n<p>&nbsp;<\/p>\n<p>In meiner Pers\u00f6nlichkeit und meiner K\u00fcche stehen Ehrlichkeit und Reinheit im Mittelpunkt. Rein in den Werten, aber auch in den Geschmacksrichtungen. Ehrlich in dem Sinne, dass die Produkte f\u00fcr sich selbst sprechen sollten und jeder sagen und denken k\u00f6nnen sollte, was er will.[\/vc_column_text][\/vc_column][vc_column width=&#8220;1\/2&#8243;][vc_single_image image=&#8220;13268&#8243; img_size=&#8220;full&#8220; alignment=&#8220;center&#8220; qode_css_animation=&#8220;&#8220;][\/vc_column][\/vc_row][vc_row css_animation=&#8220;&#8220; row_type=&#8220;row&#8220; use_row_as_full_screen_section=&#8220;no&#8220; type=&#8220;grid&#8220; angled_section=&#8220;no&#8220; text_align=&#8220;left&#8220; background_image_as_pattern=&#8220;without_pattern&#8220; z_index=&#8220;&#8220;][vc_column width=&#8220;1\/2&#8243;][vc_single_image image=&#8220;13264&#8243; img_size=&#8220;full&#8220; alignment=&#8220;center&#8220; qode_css_animation=&#8220;&#8220;][\/vc_column][vc_column width=&#8220;1\/2&#8243;][vc_column_text]<\/p>\n<h2>\u00dcber Janiek<\/h2>\n<p>[\/vc_column_text][vc_empty_space][vc_column_text]<span style=\"font-weight: 400;\">Janiek van den Broeck (Ma\u00eetre D&#8217;H\u00f4tel und Eigent\u00fcmerin) hat eine gro\u00dfe Leidenschaft f\u00fcr ihren Beruf. Aufrichtige Gastfreundschaft und ultimativer Service kommen von Herzen. Schon in jungen Jahren wusste Janiek, dass ihre Leidenschaft der Gastfreundschaft gilt. Mit 14 Jahren begann sie mit dem Abwaschen des Geschirrs und stieg von dort aus in den vorderen Bereich des Restaurants auf.   <\/span><\/p>\n<p>&nbsp;<\/p>\n<p><span style=\"font-weight: 400;\">W\u00e4hrend ihres Studiums an der Hotelfachschule sammelte sie ihre Erfahrungen im Service unter anderem im Chateau Neercanne. Die klassische K\u00fcche und der erstklassige Service gefielen ihr sehr gut. Im Hotel Villa Ruimzicht fing Janiek als Praktikantin im Restaurant an und stieg von dort aus zur Front-Office-Managerin auf. Sie betrachtete die Kombination aus Hotel und Restaurant als eine Herausforderung.     <\/span><\/p>\n<p><span style=\"font-weight: 400;\">Bart und Janiek haben sich im Hotel Villa Ruimzicht kennengelernt und da hat es gefunkt. Seitdem haben sie zusammen gearbeitet. Bei einem neuen Abenteuer in Deventer konnten sie erleben, wie es ist, gemeinsam ein Restaurant zu f\u00fchren.  <\/span><\/p>\n<p>&nbsp;<\/p>\n<p><span style=\"font-weight: 400;\">Ihr gr\u00f6\u00dfter Traum war es, gemeinsam ein eigenes Unternehmen zu gr\u00fcnden. Im Dezember 2022 konnten Bart und Janiek ihren Traum verwirklichen und The Church \u00f6ffnete im M\u00e4rz 2023 seine T\u00fcren. Janiek ist das Gesicht der Fassade des Hotels und des Restaurants. Sie sorgt f\u00fcr einen herzlichen Empfang und einen unvergesslichen Aufenthalt.     <\/span>[\/vc_column_text][\/vc_column][\/vc_row][vc_row css_animation=&#8220;&#8220; row_type=&#8220;row&#8220; use_row_as_full_screen_section=&#8220;no&#8220; type=&#8220;grid&#8220; angled_section=&#8220;no&#8220; text_align=&#8220;left&#8220; background_image_as_pattern=&#8220;without_pattern&#8220; z_index=&#8220;&#8220;][vc_column][vc_empty_space][\/vc_column][\/vc_row]<\/p>\n<\/section>","protected":false},"excerpt":{"rendered":"<p>[vc_row css_animation=&#8220;&#8220; row_type=&#8220;row&#8220; use_row_as_full_screen_section=&#8220;yes&#8220; type=&#8220;full_width&#8220; angled_section=&#8220;no&#8220; text_align=&#8220;center&#8220; background_image_as_pattern=&#8220;without_pattern&#8220; z_index=&#8220;&#8220; css=&#8220;.vc_custom_1729260390537{margin-bottom: 100px !important;}&#8220; background_image=&#8220;13002&#8243; side_padding=&#8220;10%&#8220; padding_top=&#8220;40%&#8220; padding_bottom=&#8220;40%&#8220;][vc_column css=&#8220;.vc_custom_1677753625052{padding-top: 400px !important;padding-bottom: 400px !important;}&#8220;][vc_column_text] \u00dcber uns [\/vc_column_text][vc_separator type=&#8220;small&#8220; position=&#8220;center&#8220; color=&#8220;#ffffff&#8220; transparency=&#8220;0.5&#8243; down=&#8220;35&#8243;][\/vc_column][\/vc_row][vc_row css_animation=&#8220;&#8220; row_type=&#8220;row&#8220; use_row_as_full_screen_section=&#8220;no&#8220; type=&#8220;grid&#8220; angled_section=&#8220;no&#8220; text_align=&#8220;left&#8220; background_image_as_pattern=&#8220;without_pattern&#8220; z_index=&#8220;&#8220;][vc_column width=&#8220;1\/2&#8243;][vc_column_text] \u00dcber Bart [\/vc_column_text][vc_empty_space][vc_column_text]Bart Leussink (K\u00fcchenchef und Eigent\u00fcmer) ist in Ruurlo geboren und&#8230;<\/p>\n","protected":false},"author":6,"featured_media":0,"parent":0,"menu_order":0,"comment_status":"closed","ping_status":"closed","template":"","meta":{"footnotes":""},"class_list":["post-11626","page","type-page","status-publish","hentry"],"yoast_head":"<!-- This site is optimized with the Yoast SEO plugin v25.0 - https:\/\/yoast.com\/wordpress\/plugins\/seo\/ -->\n<title>|<\/title>\n<meta name=\"description\" content=\"Lesen Sie mehr \u00fcber das Boutique-Hotel und Restaurant The Church und seine inspirierten Besitzer Bart &amp; Janiek.\" \/>\n<meta name=\"robots\" content=\"index, follow, max-snippet:-1, max-image-preview:large, max-video-preview:-1\" \/>\n<link rel=\"canonical\" href=\"https:\/\/the-church.nl\/de\/ueber-uns\/\" \/>\n<meta property=\"og:locale\" content=\"de_DE\" \/>\n<meta property=\"og:type\" content=\"article\" \/>\n<meta property=\"og:title\" content=\"|\" \/>\n<meta property=\"og:description\" content=\"Lesen Sie mehr \u00fcber das Boutique-Hotel und Restaurant The Church und seine inspirierten Besitzer Bart &amp; Janiek.\" \/>\n<meta property=\"og:url\" content=\"https:\/\/the-church.nl\/de\/ueber-uns\/\" \/>\n<meta property=\"og:site_name\" content=\"The Church\" \/>\n<meta property=\"article:modified_time\" content=\"2025-09-17T17:31:54+00:00\" \/>\n<meta name=\"twitter:card\" content=\"summary_large_image\" \/>\n<meta name=\"twitter:label1\" content=\"Gesch\u00e4tzte Lesezeit\" \/>\n\t<meta name=\"twitter:data1\" content=\"3\u00a0Minuten\" \/>\n<script type=\"application\/ld+json\" class=\"yoast-schema-graph\">{\"@context\":\"https:\/\/schema.org\",\"@graph\":[{\"@type\":\"WebPage\",\"@id\":\"https:\/\/the-church.nl\/de\/ueber-uns\/\",\"url\":\"https:\/\/the-church.nl\/de\/ueber-uns\/\",\"name\":\"|\",\"isPartOf\":{\"@id\":\"https:\/\/the-church.nl\/de\/#website\"},\"datePublished\":\"2023-04-09T10:03:01+00:00\",\"dateModified\":\"2025-09-17T17:31:54+00:00\",\"description\":\"Lesen Sie mehr \u00fcber das Boutique-Hotel und Restaurant The Church und seine inspirierten Besitzer Bart & Janiek.\",\"breadcrumb\":{\"@id\":\"https:\/\/the-church.nl\/de\/ueber-uns\/#breadcrumb\"},\"inLanguage\":\"de\",\"potentialAction\":[{\"@type\":\"ReadAction\",\"target\":[\"https:\/\/the-church.nl\/de\/ueber-uns\/\"]}]},{\"@type\":\"BreadcrumbList\",\"@id\":\"https:\/\/the-church.nl\/de\/ueber-uns\/#breadcrumb\",\"itemListElement\":[{\"@type\":\"ListItem\",\"position\":1,\"name\":\"Home\",\"item\":\"https:\/\/the-church.nl\/de\/\"},{\"@type\":\"ListItem\",\"position\":2,\"name\":\"\u00dcber Bart und Janiek\"}]},{\"@type\":\"WebSite\",\"@id\":\"https:\/\/the-church.nl\/de\/#website\",\"url\":\"https:\/\/the-church.nl\/de\/\",\"name\":\"The Church\",\"description\":\"Heaven for your senses\",\"potentialAction\":[{\"@type\":\"SearchAction\",\"target\":{\"@type\":\"EntryPoint\",\"urlTemplate\":\"https:\/\/the-church.nl\/de\/?s={search_term_string}\"},\"query-input\":{\"@type\":\"PropertyValueSpecification\",\"valueRequired\":true,\"valueName\":\"search_term_string\"}}],\"inLanguage\":\"de\"}]}<\/script>\n<!-- \/ Yoast SEO plugin. -->","yoast_head_json":{"title":"|","description":"Lesen Sie mehr \u00fcber das Boutique-Hotel und Restaurant The Church und seine inspirierten Besitzer Bart & Janiek.","robots":{"index":"index","follow":"follow","max-snippet":"max-snippet:-1","max-image-preview":"max-image-preview:large","max-video-preview":"max-video-preview:-1"},"canonical":"https:\/\/the-church.nl\/de\/ueber-uns\/","og_locale":"de_DE","og_type":"article","og_title":"|","og_description":"Lesen Sie mehr \u00fcber das Boutique-Hotel und Restaurant The Church und seine inspirierten Besitzer Bart & Janiek.","og_url":"https:\/\/the-church.nl\/de\/ueber-uns\/","og_site_name":"The Church","article_modified_time":"2025-09-17T17:31:54+00:00","twitter_card":"summary_large_image","twitter_misc":{"Gesch\u00e4tzte Lesezeit":"3\u00a0Minuten"},"schema":{"@context":"https:\/\/schema.org","@graph":[{"@type":"WebPage","@id":"https:\/\/the-church.nl\/de\/ueber-uns\/","url":"https:\/\/the-church.nl\/de\/ueber-uns\/","name":"|","isPartOf":{"@id":"https:\/\/the-church.nl\/de\/#website"},"datePublished":"2023-04-09T10:03:01+00:00","dateModified":"2025-09-17T17:31:54+00:00","description":"Lesen Sie mehr \u00fcber das Boutique-Hotel und Restaurant The Church und seine inspirierten Besitzer Bart & Janiek.","breadcrumb":{"@id":"https:\/\/the-church.nl\/de\/ueber-uns\/#breadcrumb"},"inLanguage":"de","potentialAction":[{"@type":"ReadAction","target":["https:\/\/the-church.nl\/de\/ueber-uns\/"]}]},{"@type":"BreadcrumbList","@id":"https:\/\/the-church.nl\/de\/ueber-uns\/#breadcrumb","itemListElement":[{"@type":"ListItem","position":1,"name":"Home","item":"https:\/\/the-church.nl\/de\/"},{"@type":"ListItem","position":2,"name":"\u00dcber Bart und Janiek"}]},{"@type":"WebSite","@id":"https:\/\/the-church.nl\/de\/#website","url":"https:\/\/the-church.nl\/de\/","name":"The Church","description":"Heaven for your senses","potentialAction":[{"@type":"SearchAction","target":{"@type":"EntryPoint","urlTemplate":"https:\/\/the-church.nl\/de\/?s={search_term_string}"},"query-input":{"@type":"PropertyValueSpecification","valueRequired":true,"valueName":"search_term_string"}}],"inLanguage":"de"}]}},"_links":{"self":[{"href":"https:\/\/the-church.nl\/de\/wp-json\/wp\/v2\/pages\/11626","targetHints":{"allow":["GET"]}}],"collection":[{"href":"https:\/\/the-church.nl\/de\/wp-json\/wp\/v2\/pages"}],"about":[{"href":"https:\/\/the-church.nl\/de\/wp-json\/wp\/v2\/types\/page"}],"author":[{"embeddable":true,"href":"https:\/\/the-church.nl\/de\/wp-json\/wp\/v2\/users\/6"}],"replies":[{"embeddable":true,"href":"https:\/\/the-church.nl\/de\/wp-json\/wp\/v2\/comments?post=11626"}],"version-history":[{"count":7,"href":"https:\/\/the-church.nl\/de\/wp-json\/wp\/v2\/pages\/11626\/revisions"}],"predecessor-version":[{"id":13424,"href":"https:\/\/the-church.nl\/de\/wp-json\/wp\/v2\/pages\/11626\/revisions\/13424"}],"wp:attachment":[{"href":"https:\/\/the-church.nl\/de\/wp-json\/wp\/v2\/media?parent=11626"}],"curies":[{"name":"wp","href":"https:\/\/api.w.org\/{rel}","templated":true}]}}

Über Bart und Janiek

<section class="wpb-content-wrapper"><p>[vc_row css_animation=&#8220;&#8220; row_type=&#8220;row&#8220; use_row_as_full_screen_section=&#8220;yes&#8220; type=&#8220;full_width&#8220; angled_section=&#8220;no&#8220; text_align=&#8220;center&#8220; background_image_as_pattern=&#8220;without_pattern&#8220; z_index=&#8220;&#8220; css=&#8220;.vc_custom_1729260390537{margin-bottom: 100px !important;}&#8220; background_image=&#8220;13002&#8243; side_padding=&#8220;10%&#8220; padding_top=&#8220;40%&#8220; padding_bottom=&#8220;40%&#8220;][vc_column css=&#8220;.vc_custom_1677753625052{padding-top: 400px !important;padding-bottom: 400px !important;}&#8220;][vc_column_text]</p>
<h1 style="color: #ffffff; text-align: center;">Über uns</h1>
<p>[/vc_column_text][vc_separator type=&#8220;small&#8220; position=&#8220;center&#8220; color=&#8220;#ffffff&#8220; transparency=&#8220;0.5&#8243; down=&#8220;35&#8243;][/vc_column][/vc_row][vc_row css_animation=&#8220;&#8220; row_type=&#8220;row&#8220; use_row_as_full_screen_section=&#8220;no&#8220; type=&#8220;grid&#8220; angled_section=&#8220;no&#8220; text_align=&#8220;left&#8220; background_image_as_pattern=&#8220;without_pattern&#8220; z_index=&#8220;&#8220;][vc_column width=&#8220;1/2&#8243;][vc_column_text]</p>
<h2>Über Bart</h2>
<p>[/vc_column_text][vc_empty_space][vc_column_text]Bart Leussink (Küchenchef und Eigentümer) ist in Ruurlo geboren und aufgewachsen. Seine Eltern und seine Familie hatten keine Berührungspunkte mit dem Gaststättengewerbe, aber Bart war von klein auf vom Kochen und Backen begeistert. Er begann bei der Tuinkamer in Ruurlo, einer traditionellen und klassischen französischen Küche. Von dem Moment an, als er die Küche betrat, fühlte er sich wie zu Hause. Bart hat schon immer auf hohem Niveau gekocht. Es war die Arbeitsmoral seiner Kollegen, die ihn am meisten anzog. Jeder will das Beste aus sich herausholen und den Gästen das bestmögliche Erlebnis bieten.      </p>
<p>&nbsp;</p>
<p>Von klein auf wurde ihm von seinen Eltern beigebracht, dass man, wenn man etwas will, dafür arbeiten muss. Das ist auch sein Lebensmotto und er glaubt fest daran, dass das Unmögliche möglich ist, wenn man etwas mit völliger Hingabe tut. </p>
<p>&nbsp;</p>
<p>In meiner Persönlichkeit und meiner Küche stehen Ehrlichkeit und Reinheit im Mittelpunkt. Rein in den Werten, aber auch in den Geschmacksrichtungen. Ehrlich in dem Sinne, dass die Produkte für sich selbst sprechen sollten und jeder sagen und denken können sollte, was er will.[/vc_column_text][/vc_column][vc_column width=&#8220;1/2&#8243;][vc_single_image image=&#8220;13268&#8243; img_size=&#8220;full&#8220; alignment=&#8220;center&#8220; qode_css_animation=&#8220;&#8220;][/vc_column][/vc_row][vc_row css_animation=&#8220;&#8220; row_type=&#8220;row&#8220; use_row_as_full_screen_section=&#8220;no&#8220; type=&#8220;grid&#8220; angled_section=&#8220;no&#8220; text_align=&#8220;left&#8220; background_image_as_pattern=&#8220;without_pattern&#8220; z_index=&#8220;&#8220;][vc_column width=&#8220;1/2&#8243;][vc_single_image image=&#8220;13264&#8243; img_size=&#8220;full&#8220; alignment=&#8220;center&#8220; qode_css_animation=&#8220;&#8220;][/vc_column][vc_column width=&#8220;1/2&#8243;][vc_column_text]</p>
<h2>Über Janiek</h2>
<p>[/vc_column_text][vc_empty_space][vc_column_text]<span style="font-weight: 400;">Janiek van den Broeck (Maître D&#8217;Hôtel und Eigentümerin) hat eine große Leidenschaft für ihren Beruf. Aufrichtige Gastfreundschaft und ultimativer Service kommen von Herzen. Schon in jungen Jahren wusste Janiek, dass ihre Leidenschaft der Gastfreundschaft gilt. Mit 14 Jahren begann sie mit dem Abwaschen des Geschirrs und stieg von dort aus in den vorderen Bereich des Restaurants auf.   </span></p>
<p>&nbsp;</p>
<p><span style="font-weight: 400;">Während ihres Studiums an der Hotelfachschule sammelte sie ihre Erfahrungen im Service unter anderem im Chateau Neercanne. Die klassische Küche und der erstklassige Service gefielen ihr sehr gut. Im Hotel Villa Ruimzicht fing Janiek als Praktikantin im Restaurant an und stieg von dort aus zur Front-Office-Managerin auf. Sie betrachtete die Kombination aus Hotel und Restaurant als eine Herausforderung.     </span></p>
<p><span style="font-weight: 400;">Bart und Janiek haben sich im Hotel Villa Ruimzicht kennengelernt und da hat es gefunkt. Seitdem haben sie zusammen gearbeitet. Bei einem neuen Abenteuer in Deventer konnten sie erleben, wie es ist, gemeinsam ein Restaurant zu führen.  </span></p>
<p>&nbsp;</p>
<p><span style="font-weight: 400;">Ihr größter Traum war es, gemeinsam ein eigenes Unternehmen zu gründen. Im Dezember 2022 konnten Bart und Janiek ihren Traum verwirklichen und The Church öffnete im März 2023 seine Türen. Janiek ist das Gesicht der Fassade des Hotels und des Restaurants. Sie sorgt für einen herzlichen Empfang und einen unvergesslichen Aufenthalt.     </span>[/vc_column_text][/vc_column][/vc_row][vc_row css_animation=&#8220;&#8220; row_type=&#8220;row&#8220; use_row_as_full_screen_section=&#8220;no&#8220; type=&#8220;grid&#8220; angled_section=&#8220;no&#8220; text_align=&#8220;left&#8220; background_image_as_pattern=&#8220;without_pattern&#8220; z_index=&#8220;&#8220;][vc_column][vc_empty_space][/vc_column][/vc_row]</p>
</section>

<p>[vc_row css_animation=&#8220;&#8220; row_type=&#8220;row&#8220; use_row_as_full_screen_section=&#8220;yes&#8220; type=&#8220;full_width&#8220; angled_section=&#8220;no&#8220; text_align=&#8220;center&#8220; background_image_as_pattern=&#8220;without_pattern&#8220; z_index=&#8220;&#8220; css=&#8220;.vc_custom_1729260390537{margin-bottom: 100px !important;}&#8220; background_image=&#8220;13002&#8243; side_padding=&#8220;10%&#8220; padding_top=&#8220;40%&#8220; padding_bottom=&#8220;40%&#8220;][vc_column css=&#8220;.vc_custom_1677753625052{padding-top: 400px !important;padding-bottom: 400px !important;}&#8220;][vc_column_text] Über uns [/vc_column_text][vc_separator type=&#8220;small&#8220; position=&#8220;center&#8220; color=&#8220;#ffffff&#8220; transparency=&#8220;0.5&#8243; down=&#8220;35&#8243;][/vc_column][/vc_row][vc_row css_animation=&#8220;&#8220; row_type=&#8220;row&#8220; use_row_as_full_screen_section=&#8220;no&#8220; type=&#8220;grid&#8220; angled_section=&#8220;no&#8220; text_align=&#8220;left&#8220; background_image_as_pattern=&#8220;without_pattern&#8220; z_index=&#8220;&#8220;][vc_column width=&#8220;1/2&#8243;][vc_column_text] Über Bart [/vc_column_text][vc_empty_space][vc_column_text]Bart Leussink (Küchenchef und Eigentümer) ist in Ruurlo geboren und&#8230;</p>

<!-- This site is optimized with the Yoast SEO plugin v25.0 - https://yoast.com/wordpress/plugins/seo/ -->
<title>|</title>
<meta name="description" content="Lesen Sie mehr über das Boutique-Hotel und Restaurant The Church und seine inspirierten Besitzer Bart &amp; Janiek." />
<meta name="robots" content="index, follow, max-snippet:-1, max-image-preview:large, max-video-preview:-1" />
<link rel="canonical" href="https://the-church.nl/de/ueber-uns/" />
<meta property="og:locale" content="de_DE" />
<meta property="og:type" content="article" />
<meta property="og:title" content="|" />
<meta property="og:description" content="Lesen Sie mehr über das Boutique-Hotel und Restaurant The Church und seine inspirierten Besitzer Bart &amp; Janiek." />
<meta property="og:url" content="https://the-church.nl/de/ueber-uns/" />
<meta property="og:site_name" content="The Church" />
<meta property="article:modified_time" content="2025-09-17T17:31:54+00:00" />
<meta name="twitter:card" content="summary_large_image" />
<meta name="twitter:label1" content="Geschätzte Lesezeit" />
	<meta name="twitter:data1" content="3 Minuten" />
<script type="application/ld+json" class="yoast-schema-graph">{"@context":"https://schema.org","@graph":[{"@type":"WebPage","@id":"https://the-church.nl/de/ueber-uns/","url":"https://the-church.nl/de/ueber-uns/","name":"|","isPartOf":{"@id":"https://the-church.nl/de/#website"},"datePublished":"2023-04-09T10:03:01+00:00","dateModified":"2025-09-17T17:31:54+00:00","description":"Lesen Sie mehr über das Boutique-Hotel und Restaurant The Church und seine inspirierten Besitzer Bart & Janiek.","breadcrumb":{"@id":"https://the-church.nl/de/ueber-uns/#breadcrumb"},"inLanguage":"de","potentialAction":[{"@type":"ReadAction","target":["https://the-church.nl/de/ueber-uns/"]}]},{"@type":"BreadcrumbList","@id":"https://the-church.nl/de/ueber-uns/#breadcrumb","itemListElement":[{"@type":"ListItem","position":1,"name":"Home","item":"https://the-church.nl/de/"},{"@type":"ListItem","position":2,"name":"Über Bart und Janiek"}]},{"@type":"WebSite","@id":"https://the-church.nl/de/#website","url":"https://the-church.nl/de/","name":"The Church","description":"Heaven for your senses","potentialAction":[{"@type":"SearchAction","target":{"@type":"EntryPoint","urlTemplate":"https://the-church.nl/de/?s={search_term_string}"},"query-input":{"@type":"PropertyValueSpecification","valueRequired":true,"valueName":"search_term_string"}}],"inLanguage":"de"}]}</script>
<!-- / Yoast SEO plugin. -->

Lesen Sie mehr über das Boutique-Hotel und Restaurant The Church und seine inspirierten Besitzer Bart & Janiek.
